rue
Is 96682599301 a prime number?
True
Is 2805601777 composite?
True
Is 46156110691 composite?
False
Is 17672279021 a composite number?
False
Is 539636579 prime?
False
Is 8716610869 a composite number?
True
Is 12113382319 composite?
False
Is 5190898441 a prime number?
True
Is 1969679683 prime?
True
Is 2180692667 prime?
True
Is 20553631591 a composite number?
True
Is 2093508377 prime?
True
Is 1543155377 composite?
False
Is 881349797 a prime number?
True
Is 1006205341 a prime number?
False
Is 3807867523 a prime number?
True
Is 26473656893 prime?
True
Is 13869408473 prime?
False
Is 39898679 composite?
False
Is 81568087 composite?
True
Is 984263581 composite?
True
Is 59557979 a prime number?
False
Is 219590551 prime?
False
Is 330346411 prime?
True
Is 70403677 a composite number?
True
Is 3657979343 a prime number?
False
Is 22438396867 a composite number?
True
Is 16888316113 a composite number?
True
Is 2211098599 composite?
False
Is 115029137 a prime number?
True
Is 300202927 composite?
False
Is 104050343 a prime number?
True
Is 11805824111 composite?
False
Is 2617883929 a composite number?
False
Is 428015471 a prime number?
False
Is 11405000521 prime?
True
Is 342140297 a composite number?
True
Is 145564804573 prime?
False
Is 3255752491 a composite number?
False
Is 14466991954 a composite number?
True
Is 20694923 prime?
False
Is 2004411506 composite?
True
Is 12903429001 prime?
True
Is 4053875047 a prime number?
True
Is 44953144681 a composite number?
False
Is 3519220883 a composite number?
False
Is 10249802651 composite?
True
Is 150824659 a composite number?
True
Is 13475448447 a prime number?
False
Is 8963426663 a composite number?
True
Is 1204598959 composite?
True
Is 2329606855 composite?
True
Is 34233943 a prime number?
True
Is 908981947 a composite number?
False
Is 1631346797 composite?
True
Is 5541250103 a composite number?
False
Is 3400157633 prime?
False
Is 5995381421 composite?
False
Is 7213999763 prime?
True
Is 2988932113 composite?
True
Is 8209476914 composite?
True
Is 80630140541 a composite number?
False
Is 284285263 prime?
False
Is 109545239 composite?
False
Is 79899674693 a composite number?
False
Is 17999327839 prime?
True
Is 445619233 a composite number?
False
Is 5658608911 a prime number?
True
Is 1962139435 prime?
False
Is 1818920533 prime?
True
Is 11652914459 a prime number?
True
Is 2184417799 composite?
True
Is 28488416443 a composite number?
True
Is 19422698579 composite?
True
Is 2259306757 prime?
False
Is 10247401774 prime?
False
Is 27606310079 a composite number?
False
Is 62732599 composite?
False
Is 254391773 a composite number?
False
Is 9697753673 a prime number?
True
Is 1667264371 a prime number?
True
Is 212526011 composite?
True
Is 382760971 a composite number?
True
Is 6352308917 prime?
False
Is 31138129589 composite?
True
Is 100101553 composite?
False
Is 4055803901 prime?
False
Is 390303271 prime?
True
Is 1728137711 a composite number?
False
Is 634031549 prime?
True
Is 227508917 a composite number?
False
Is 1348303763 prime?
False
Is 340963111 prime?
False
Is 61763365243 composite?
True
Is 21082128817 prime?
False
Is 5150029067 prime?
True
Is 6797675207 a composite number?
False
Is 2302809623 prime?
True
Is 53729408651 a composite number?
False
Is 8511421829 composite?
True
Is 3365128609 a composite number?
True
Is 45138124483 composite?
False
Is 1097449487 a prime number?
False
Is 619687559 composite?
True
Is 80780449107 prime?
False
Is 7117790291 prime?
True
Is 20851883627 a composite number?
False
Is 8200455401 a composite number?
True
Is 633449749 a prime number?
True
Is 2995194439 a composite number?
False
Is 55212296813 a composite number?
True
Is 10869326129 prime?
False
Is 13405588843 a composite number?
True
Is 3809534867 prime?
False
Is 20600135183 a prime number?
True
Is 8208185911 composite?
False
Is 401161879 a prime number?
True
Is 97790436337 prime?
False
Is 22408469 a prime number?
False
Is 11332431137 composite?
False
Is 1024915933 composite?
False
Is 5254155721 composite?
False
Is 2414831207 prime?
True
Is 16756921 prime?
False
Is 3281096219 a composite number?
True
Is 396797279 a prime number?
True
Is 1147347581 a composite number?
True
Is 124593443569 a prime number?
False
Is 39283405943 composite?
False
Is 2356700483 composite?
False
Is 73558907693 a composite number?
False
Is 741517229 a composite number?
False
Is 7667418481 a composite number?
True
Is 4657853 a composite number?
False
Is 14324819 a prime number?
True
Is 463742897 a composite number?
True
Is 821553517 composite?
True
Is 880587569 prime?
True
Is 27782851891 prime?
True
Is 6534856043 a prime number?
True
Is 694491671 prime?
True
Is 114958289663 a composite number?
True
Is 6282322289 a composite number?
True
Is 3389569129 prime?
True
Is 1589604017 prime?
True
Is 286368857 a prime number?
False
Is 125970111509 a composite number?
True
Is 6759902467 prime?
True
Is 262272359 a prime number?
False
Is 59065580981 a composite number?
True
Is 82538447 a prime number?
True
Is 8439840187 composite?
True
Is 53574414449 a composite number?
True
Is 1415061169 a composite number?
True
Is 27708493469 prime?
True
Is 139491137 a prime number?
False
Is 3393415121 a prime number?
True
Is 261252581 a prime number?
True
Is 4235419963 prime?
True
Is 3085370369 a composite number?
False
Is 7103089047 a prime number?
False
Is 27025635059 composite?
False
Is 104732653 composite?
False
Is 26844866435 a prime number?
False
Is 3166567567 composite?
False
Is 30181308389 composite?
False
Is 10281047771 prime?
False
Is 1900921601 composite?
False
Is 130856460827 composite?
True
Is 2671097837 a composite number?
False
Is 11029175351 composite?
False
Is 5001938657 composite?
False
Is 814894207 a prime number?
True
Is 215994731 a prime number?
True
Is 1951741991 a composite number?
False
Is 55511988943 a prime number?
False
Is 5532365221 a composite number?
True
Is 15170812334 prime?
False
Is 672310939 a composite number?
True
Is 560527937 a prime number?
False
Is 9186766613 composite?
False
Is 21790633 composite?
False
Is 11581048783 composite?
False
Is 17822370593 prime?
True
Is 7692596257 composite?
True
Is 113388714623 composite?
True
Is 17440507813 a prime number?
True
Is 57012473537 composite?
False
Is 19660478833 prime?
True
Is 67324867261 composite?
False
Is 80859091 a composite number?
False
Is 19054746653 composite?
True
Is 10057800101 a prime number?
False
Is 13188432011 composite?
False
Is 249628446413 a prime number?
False
Is 24211050869 composite?
True
Is 1325769989 prime?
True
Is 72056321047 a prime number?
True
Is 103479134951 composite?
True
Is 16039800197 a composite number?
False
Is 4837109097 a prime number?
False
Is 24276097049 composite?
True
Is 751053911 prime?
True
Is 525265723 a prime number?
False
Is 30657270097 a composite number?
True
Is 14297448107 prime?
True
Is 22537635839 a prime number?
True
Is 93767447477 composite?
True
Is 4090398331 a prime number?
False
Is 59006942297 a prime number?
True
Is 2864893643 a composite number?
False
Is 1876406407 composite?
False
Is 6962166829 a prime number?
False
Is 4406574619 a composite number?
True
Is 31455789413 composite?
False
Is 5839833035 a prime number?
False
Is 7939496377 prime?
False
Is 22190163943 a composite number?
True
Is 66738879377 composite?
True
Is 6198907787 composite?
False
Is 577009247 prime?
True
Is 10714892759 prime?
True
Is 1681681147 a prime number?
True
Is 2380524371 a composite number?
True
Is 1216835063 prime?
True
Is 332957663 a prime number?
True
Is 14162956727 a composite number?
False
Is 11712966533 a composite number?
False
Is 35592189967 a prime number?
False
Is 3089173429 a prime number?
False
Is 20850845989 a prime number?
True
Is 60356345081 prime?
False
Is 65396723529 composite?
True
Is 995679457 composite?
True
Is 2065454381 composite?
False
Is 1142929739 a prime number?
False
Is 2268025891 a prime number?
False
Is 1549367681 a composite number?
False
Is 3759112891 prime?
True
Is 105128864329 a composite number?
True
Is 34265007341 a composite number?
True
Is 64681077247 a composite number?
False
Is 3338286701 prime?
True
Is 1463282543 a prime number?
True
Is 191613697459 prime?
False
Is 2151367177 a prime number?
True
Is 31340484379 a composite number?
Tru